{"id":261,"date":"2024-04-22T23:02:19","date_gmt":"2024-04-22T23:02:19","guid":{"rendered":"https:\/\/anaveiga.pt\/?page_id=261"},"modified":"2026-04-07T11:11:26","modified_gmt":"2026-04-07T11:11:26","slug":"optimizacao","status":"publish","type":"page","link":"https:\/\/anaveiga.pt\/?page_id=261","title":{"rendered":"\u201cRaio-X do Caos&#8221;"},"content":{"rendered":"\n<p><\/p>\n\n\n\n<h3 class=\"wp-block-heading has-text-align-center\">Diagn\u00f3stico dos bastidores de pequenos neg\u00f3cios para que funcionem com liberdade, clareza e foco,  atrav\u00e9s de processos, sistemas e vis\u00e3o estrat\u00e9gica.<\/h3>\n\n\n<div class=\"wp-block-image\">\n<figure class=\"aligncenter size-full is-resized\"><img loading=\"lazy\" decoding=\"async\" width=\"864\" height=\"1080\" src=\"https:\/\/anaveiga.pt\/wp-content\/uploads\/2025\/01\/Consultoria-negocios-e1737903487462.png\" alt=\"Consultoria de Optimiza\u00e7\u00e3o de Processos para Neg\u00f3cios\" class=\"wp-image-401\" style=\"width:543px\"\/><\/figure>\n<\/div>\n\n\n<ul class=\"wp-block-list\">\n<li>Sess\u00e3o de 90 minutos em 1:1<\/li>\n<\/ul>\n\n\n\n<ul class=\"wp-block-list\">\n<li>Mapeamento dos principais bloqueios e oportunidades<\/li>\n<\/ul>\n\n\n\n<ul class=\"wp-block-list\">\n<li>Recomenda\u00e7\u00f5es pr\u00e1ticas e prioriza\u00e7\u00e3o<\/li>\n<\/ul>\n\n\n\n<ul class=\"wp-block-list\">\n<li>P\u00f3s-sess\u00e3o: Entrega de PDF com plano de a\u00e7\u00e3o<\/li>\n<\/ul>\n\n\n\n<p class=\"has-text-align-right has-color-1-color has-text-color has-link-color wp-elements-22d87d6f749e5130c261bee369c89176\" style=\"font-size:29px\">Valor: 140\u20ac (IVA incluido \u00e0 taxa em vigor)<\/p>\n\n\n\n<div class=\"wp-block-buttons is-content-justification-center is-layout-flex wp-container-core-buttons-is-layout-16018d1d wp-block-buttons-is-layout-flex\">\n<div class=\"wp-block-button has-custom-width wp-block-button__width-50\"><a class=\"wp-block-button__link has-color-1-color has-color-5-background-color has-text-color has-background has-link-color has-custom-font-size wp-element-button\" href=\"https:\/\/anaveiga.pt\/?page_id=300\" style=\"font-size:22px\">Eu Quero<\/a><\/div>\n<\/div>\n\n\n\n<p><\/p>\n","protected":false},"excerpt":{"rendered":"<p>Diagn\u00f3stico dos bastidores de pequenos neg\u00f3cios para que funcionem com liberdade, clareza e foco, atrav\u00e9s de processos, sistemas e vis\u00e3o estrat\u00e9gica. Valor: 140\u20ac (IVA incluido \u00e0 taxa em vigor)<\/p>\n","protected":false},"author":1,"featured_media":0,"parent":0,"menu_order":0,"comment_status":"closed","ping_status":"closed","template":"","meta":{"om_disable_all_campaigns":false,"_monsterinsights_skip_tracking":false,"_monsterinsights_sitenote_active":false,"_monsterinsights_sitenote_note":"","_monsterinsights_sitenote_category":0,"_uf_show_specific_survey":0,"_uf_disable_surveys":false,"neve_meta_sidebar":"","neve_meta_container":"","neve_meta_enable_content_width":"","neve_meta_content_width":0,"neve_meta_title_alignment":"","neve_meta_author_avatar":"","neve_post_elements_order":"","neve_meta_disable_header":"","neve_meta_disable_footer":"","neve_meta_disable_title":"","footnotes":""},"class_list":["post-261","page","type-page","status-publish","hentry"],"aioseo_notices":[],"_links":{"self":[{"href":"https:\/\/anaveiga.pt\/index.php?rest_route=\/wp\/v2\/pages\/261","targetHints":{"allow":["GET"]}}],"collection":[{"href":"https:\/\/anaveiga.pt\/index.php?rest_route=\/wp\/v2\/pages"}],"about":[{"href":"https:\/\/anaveiga.pt\/index.php?rest_route=\/wp\/v2\/types\/page"}],"author":[{"embeddable":true,"href":"https:\/\/anaveiga.pt\/index.php?rest_route=\/wp\/v2\/users\/1"}],"replies":[{"embeddable":true,"href":"https:\/\/anaveiga.pt\/index.php?rest_route=%2Fwp%2Fv2%2Fcomments&post=261"}],"version-history":[{"count":17,"href":"https:\/\/anaveiga.pt\/index.php?rest_route=\/wp\/v2\/pages\/261\/revisions"}],"predecessor-version":[{"id":484,"href":"https:\/\/anaveiga.pt\/index.php?rest_route=\/wp\/v2\/pages\/261\/revisions\/484"}],"wp:attachment":[{"href":"https:\/\/anaveiga.pt\/index.php?rest_route=%2Fwp%2Fv2%2Fmedia&parent=261"}],"curies":[{"name":"wp","href":"https:\/\/api.w.org\/{rel}","templated":true}]}}