{"id":20,"date":"2022-09-09T14:50:27","date_gmt":"2022-09-09T14:50:27","guid":{"rendered":"https:\/\/anaveiga.pt\/?page_id=20"},"modified":"2024-04-22T22:33:21","modified_gmt":"2024-04-22T22:33:21","slug":"contacto","status":"publish","type":"page","link":"https:\/\/anaveiga.pt\/?page_id=20","title":{"rendered":"Contacto"},"content":{"rendered":"\n<p class=\"has-black-color has-text-color has-background\" style=\"background-color:#cee9c0\"><strong>Gostarias de saber alguma informa\u00e7\u00e3o, esclarecer alguma d\u00favida ou pedir um or\u00e7amento personalizado? <\/strong><br><strong>Envia um email para: <\/strong> <strong>geral@anaveiga.pt<\/strong><\/p>\n","protected":false},"excerpt":{"rendered":"<p>Gostarias de saber alguma informa\u00e7\u00e3o, esclarecer alguma d\u00favida ou pedir um or\u00e7amento personalizado? Envia um email para: geral@anaveiga.pt<\/p>\n","protected":false},"author":1,"featured_media":0,"parent":0,"menu_order":0,"comment_status":"closed","ping_status":"closed","template":"","meta":{"om_disable_all_campaigns":false,"_monsterinsights_skip_tracking":false,"_monsterinsights_sitenote_active":false,"_monsterinsights_sitenote_note":"","_monsterinsights_sitenote_category":0,"_uf_show_specific_survey":0,"_uf_disable_surveys":false,"neve_meta_sidebar":"","neve_meta_container":"","neve_meta_enable_content_width":"","neve_meta_content_width":0,"neve_meta_title_alignment":"","neve_meta_author_avatar":"","neve_post_elements_order":"","neve_meta_disable_header":"","neve_meta_disable_footer":"","neve_meta_disable_title":"","footnotes":""},"class_list":["post-20","page","type-page","status-publish","hentry"],"aioseo_notices":[],"_links":{"self":[{"href":"https:\/\/anaveiga.pt\/index.php?rest_route=\/wp\/v2\/pages\/20","targetHints":{"allow":["GET"]}}],"collection":[{"href":"https:\/\/anaveiga.pt\/index.php?rest_route=\/wp\/v2\/pages"}],"about":[{"href":"https:\/\/anaveiga.pt\/index.php?rest_route=\/wp\/v2\/types\/page"}],"author":[{"embeddable":true,"href":"https:\/\/anaveiga.pt\/index.php?rest_route=\/wp\/v2\/users\/1"}],"replies":[{"embeddable":true,"href":"https:\/\/anaveiga.pt\/index.php?rest_route=%2Fwp%2Fv2%2Fcomments&post=20"}],"version-history":[{"count":6,"href":"https:\/\/anaveiga.pt\/index.php?rest_route=\/wp\/v2\/pages\/20\/revisions"}],"predecessor-version":[{"id":243,"href":"https:\/\/anaveiga.pt\/index.php?rest_route=\/wp\/v2\/pages\/20\/revisions\/243"}],"wp:attachment":[{"href":"https:\/\/anaveiga.pt\/index.php?rest_route=%2Fwp%2Fv2%2Fmedia&parent=20"}],"curies":[{"name":"wp","href":"https:\/\/api.w.org\/{rel}","templated":true}]}}